ns digit of 2482?
8
What is the thousands digit of 79819?
9
What is the tens digit of 20939?
3
What is the tens digit of 16799?
9
What is the tens digit of 14664?
6
What is the thousands digit of 4119?
4
What is the hundreds digit of 4778?
7
What is the ten thousands digit of 16639?
1
What is the units digit of 1637?
7
What is the thousands digit of 3827?
3
What is the units digit of 739?
9
What is the units digit of 367?
7
What is the ten thousands digit of 11780?
1
What is the thousands digit of 2654?
2
What is the tens digit of 3265?
6
What is the hundreds digit of 869?
8
What is the hundreds digit of 112527?
5
What is the units digit of 5820?
0
What is the tens digit of 19148?
4
What is the tens digit of 85?
8
What is the units digit of 114742?
2
What is the thousands digit of 51923?
1
What is the hundreds digit of 687?
6
What is the units digit of 109?
9
What is the hundreds digit of 43299?
2
What is the units digit of 5?
5
What is the units digit of 6906?
6
What is the tens digit of 3000?
0
What is the ten thousands digit of 13799?
1
What is the tens digit of 18354?
5
What is the units digit of 185?
5
What is the tens digit of 73637?
3
What is the units digit of 886?
6
What is the units digit of 44239?
9
What is the thousands digit of 148761?
8
What is the thousands digit of 8316?
8
What is the thousands digit of 17720?
7
What is the tens digit of 4398?
9
What is the units digit of 531?
1
What is the tens digit of 871?
7
What is the ten thousands digit of 102173?
0
What is the ten thousands digit of 16302?
1
What is the tens digit of 2907?
0
What is the thousands digit of 6849?
6
What is the ten thousands digit of 46341?
4
What is the units digit of 5703?
3
What is the thousands digit of 3640?
3
What is the tens digit of 22328?
2
What is the tens digit of 1680?
8
What is the thousands digit of 41825?
1
What is the thousands digit of 13832?
3
What is the tens digit of 995?
9
What is the thousands digit of 1740?
1
What is the units digit of 28592?
2
What is the units digit of 3507?
7
What is the ten thousands digit of 26848?
2
What is the units digit of 6011?
1
What is the hundreds digit of 71895?
8
What is the hundreds digit of 24055?
0
What is the hundreds digit of 12708?
7
What is the tens digit of 3743?
4
What is the units digit of 54?
4
What is the units digit of 30473?
3
What is the tens digit of 452?
5
What is the tens digit of 7081?
8
What is the ten thousands digit of 18225?
1
What is the hundreds digit of 4405?
4
What is the hundreds digit of 584?
5
What is the units digit of 23860?
0
What is the tens digit of 2988?
8
What is the tens digit of 988?
8
What is the hundreds digit of 42351?
3
What is the units digit of 16?
6
What is the units digit of 14351?
1
What is the tens digit of 6360?
6
What is the tens digit of 33454?
5
What is the hundreds digit of 1043?
0
What is the units digit of 988?
8
What is the hundreds digit of 2082?
0
What is the units digit of 4274?
4
What is the tens digit of 15897?
9
What is the tens digit of 1352?
5
What is the units digit of 7613?
3
What is the tens digit of 9084?
8
What is the tens digit of 11101?
0
What is the ten thousands digit of 17635?
1
What is the units digit of 76976?
6
What is the units digit of 25582?
2
What is the units digit of 434?
4
What is the hundreds digit of 68202?
2
What is the hundreds digit of 112794?
7
What is the thousands digit of 5287?
5
What is the tens digit of 10941?
4
What is the hundreds digit of 1143?
1
What is the tens digit of 46387?
8
What is the tens digit of 153?
5
What is the thousands digit of 19962?
9
What is the tens digit of 37943?
4
What is the tens digit of 689?
8
What is the hundreds digit of 2455?
4
What is the units digit of 5226?
6
What is the tens digit of 1067?
6
What is the thousands digit of 12476?
2
What is the units digit of 20840?
0
What is the tens digit of 1160?
6
What is the units digit of 888?
8
What is the hundreds digit of 43436?
4
What is the hundreds digit of 3115?
1
What is the hundreds digit of 10278?
2
What is the thousands digit of 66481?
6
What is the tens digit of 984?
8
What is the units digit of 1752?
2
What is the units digit of 155495?
5
What is the ten thousands digit of 18149?
1
What is the ten thousands digit of 24754?
2
What is the thousands digit of 10943?
0
What is the thousands digit of 6911?
6
What is the tens digit of 306?
0
What is the thousands digit of 6338?
6
What is the hundreds digit of 10295?
2
What is the hundreds digit of 349?
3
What is the thousands digit of 1130?
1
What is the tens digit of 44906?
0
What is the thousands digit of 5177?
5
What is the units digit of 40758?
8
What is the units digit of 917?
7
What is the tens digit of 24244?
4
What is the tens digit of 4395?
9
What is the tens digit of 3402?
0
What is the thousands digit of 79018?
9
What is the hundreds digit of 1560?
5
What is the tens digit of 1937?
3
What is the tens digit of 273?
7
What is the thousands digit of 3188?
3
What is the units digit of 14607?
7
What is the tens digit of 61519?
1
What is the units digit of 18183?
3
What is the hundreds digit of 2358?
3
What is the thousands digit of 1345?
1
What is the thousands digit of 4303?
4
What is the hundreds digit of 193207?
2
What is the hundreds digit of 18278?
2
What is the tens digit of 622?
2
What is the tens digit of 12755?
5
What is the units digit of 1685?
5
What is the units digit of 20052?
2
What is the hundreds digit of 1483?
4
What is the tens digit of 6791?
9
What is the ten thousands digit of 19931?
1
What is the hundred thousands digit of 130152?
1
What is the units digit of 2682?
2
What is the units digit of 59186?
6
What is the tens digit of 2603?
0
What is the thousands digit of 3035?
3
What is the thousands digit of 1482?
1
What is the ten thousands digit of 63512?
6
What is the units digit of 1369?
9
What is the hundreds digit of 1787?
7
What is the tens digit of 160?
6
What is the units digit of 76?
6
What is the thousands digit of 3711?
3
What is the hundreds digit of 3426?
4
What is the hundreds digit of 7600?
6
What is the hundreds digit of 974?
9
What is the thousands digit of 28555?
8
What is the hundreds digit of 122364?
3
What is the units digit of 1131?
1
What is the hundreds digit of 5948?
9
What is the hundreds digit of 1490?
4
What is the thousands digit of 1874?
1
What is the thousands digit of 88121?
8
What is the units digit of 720?
0
What is the tens digit of 25184?
8
What is the tens digit of 19251?
5
What is the hundreds digit of 249?
2
What is the hundreds digit of 1987?
9
What is the ten thousands digit of 149198?
4
What is the ten thousands digit of 56788?
5
What is the ten thousands digit of 86652?
8
What is the tens digit of 7253?
5
What is the hundreds digit of 8549?
5
What is the ten thousands digit of 12204?
1
What is the tens digit of 126377?
7
What is the tens digit of 10501?
0
What is the tens digit of 94359?
5
What is the units digit of 999?
9
What is the hundreds digit of 324?
3
What is the units digit of 965?
5
What is the tens digit of 5150?
5
What is the units digit of 39?
9
What is the units digit of 1075?
5
What is the ten thousands digit of 61004?
6
What is the units digit of 2187?
7
What is the hundreds digit of 741?
7
What is the thousands digit of 3775?
3
What is the thousands digit of 1562?
1
What is the ten thousands digit of 14026?
1
What is the units digit of 29?
9
What is the units digit of 7179?
9
What is the ten thousands digit of 53369?
5
What is the units digit of 13546?
6
What is the units digit of 1021?
1
What is the units digit of 111893?
3
What is the tens digit of 126110?
1
What is the hundreds digit of 354?
3
What is the units digit of 1484?
4
What is the units digit of 2037?
7
What is the units digit of 5598?
8
What is the tens digit of 18549?
4
What is the hundreds digit of 385?
3
What is the tens digit of 11191?
9
What is the hundreds digit of 49516?
5
What is the ten thousands digit of 30730?
3
What is the hundreds digit of 4183?
1
What is the hundreds digit of 403?
4
What is the units digit of 6920?
0
What is the units digit of 3630?
0
What is the units digit of 48554?
4
What is the hundreds digit of 12881?
8
What is the tens digit of 648?
4
What is the tens digit of 91?
9
What is the tens digit of 51